git of n?
5
Let z(h) = 3*h**2 + 10*h - 68. Let d be z(37). Suppose -d - 2546 = -5*n. What is the thousands digit of n?
1
Suppose -3*f = 5*a - 94825, -126657 - 31390 = -5*f - 3*a. What is the hundreds digit of f?
6
Let x(w) = 647*w**2 + 132*w - 560. What is the ten thousands digit of x(5)?
1
Let t = -23 + 58. Suppose 40*y = t*y + 810. What is the hundreds digit of y?
1
Let z = -88 + 37. Suppose -37*r + 43*r + 726 = 0. Let h = z - r. What is the tens digit of h?
7
Suppose 5*r = 30, -4*h + 21*r - 26*r + 93098 = 0. What is the tens digit of h?
6
Suppose 16*v - 20*v + 5*y = 23, 4*v = -5*y + 7. What is the units digit of ((-1064)/140)/(v/60)?
8
Suppose -4*p - 777 = -5*g, -p - 29 - 160 = -3*g. Let u = p - -408. What is the tens digit of u?
1
Suppose 59*f = 56*f + 3486. Suppose -18*g - 2*q + 1162 = -16*g, -3*q - f = -2*g. What is the units digit of g?
1
Suppose 333 = 13*l - 18. Suppose -37*g + l*g = -1850. What is the tens digit of g?
8
Let o = 132 - 97. Let y = -143 - -329. Suppose o*d - y = 29*d. What is the tens digit of d?
3
What is the units digit of 2*(-3)/36 + -28*(-49905)/216?
9
Let p = 149 - 53. Let b = -109 + p. Let k(x) = -x**2 - 34*x - 30. What is the hundreds digit of k(b)?
2
Suppose 4*f - 4*x = 1196, -593 = -2*f + 3*x - 6*x. Let m = 847 + f. What is the hundreds digit of m?
1
Suppose 25*g - 308 = 21*g. Let b = g + -74. Suppose -598 = -b*v + 227. What is the tens digit of v?
7
Let s be (-133)/3 + -4*(-5)/60. Let x = s - -67. Suppose -x*o = -22*o - 157. What is the units digit of o?
7
Suppose 7975 = -8*z + 44375. What is the units digit of z?
0
Suppose -400*w = -403*w + 56415. What is the ten thousands digit of w?
1
Let c be 5/(12/(-8)*8/(-12)). What is the units digit of (7 - c) + 299 + -2?
9
Let k = -4 - -7. Let c(h) = 26*h**2 + 80*h + 9. Let g be c(-3). Suppose 0 = -g*l - 12, -k*w + 3*l + 38 = l. What is the tens digit of w?
1
Suppose 4*i + 152 = 4*w, 4*w = -9*i + 4*i + 116. Suppose -w*b - 30 = -32*b. Let y = 230 - b. What is the tens digit of y?
4
Suppose 0 = 5*t - 2*p + 573, -5*t + t + p = 459. Let q = 719 + t. What is the hundreds digit of q?
6
Let w(n) = n**2 - 8*n - 46. Let m be w(12). Let r be 0 + (1 - (-1 + -70)). Suppose -582 = -m*y - r. What is the hundreds digit of y?
2
Let v(q) be the third derivative of q**4/24 - q**3 - 8*q**2. Let u be v(7). What is the units digit of 96 - (u - 0) - (-8 - -10)?
3
Let h = 28 + -28. Suppose -2*s - f = -86, 4*f + 8 = -h. Suppose -2*p + s + 12 = 0. What is the tens digit of p?
2
Suppose -32*x + 2342925 = -41*x. What is the units digit of x/(-300) - (2 - 5/4)?
7
Let r(d) = -15*d**3 + 3*d**2 - 2*d - 7. Let y(s) = -12*s - 50. Let x(c) = -c**2 + 3*c + 14. Let p be x(6). Let i be y(p). What is the tens digit of r(i)?
2
Let f(g) = 23*g + 0*g**3 - 8*g**2 + 28 - 3*g**3 - 10*g + 2*g**3. Let h be f(-9). Let k = 127 - h. What is the tens digit of k?
3
Suppose 10*t + 41 = -709. Let j = -55 - t. Suppose 3*p + j = -g + 127, -3*g + 313 = p. What is the hundreds digit of g?
1
Let u be -2 + -6 - (-20 + -18). Suppose 23*q + 8008 = u*q. What is the thousands digit of q?
1
Let j be ((-24)/54)/(2/(-9)) - 60. Let y = 61 + j. Suppose u = -3*s + y*u + 242, 4*u - 236 = -3*s. What is the units digit of s?
0
Let k(l) = -l + 2. Let h be k(3). Let i(v) = 34*v**2 + 105*v + 8. Let a be i(-3). What is the tens digit of (-3 + h + a)*203/(-29)?
3
Suppose 7*k - 2*q + 326 = 10*k, -3*q = 3*k - 327. Let f = -79 - -47. Let n = f + k. What is the units digit of n?
6
What is the tens digit of (-118187)/(-15) - ((-989)/345 - -3)?
7
Suppose x = 6*x - 20. Suppose 0 = -x*p + 2*p + 16. Suppose 4*l = p, j - 99 = -0*j - 4*l. What is the units digit of j?
1
Suppose 5*w + 3*h = 9040, 3*w - 5390 = 2*h + 3*h. Let q be w/4 - (-6)/8. Let k = q + -284. What is the hundreds digit of k?
1
Let n(r) = 180*r**3 + r**2 - 2*r. Let u(w) = w**3 - 3*w**2 - w + 7. Let q be u(3). Suppose 0 = i - q + 3. What is the hundreds digit of n(i)?
1
What is the units digit of ((-63)/(-42))/((-4)/(-96680)*5)?
1
Suppose -8*h + 3*h = 5*b + 85, -27 = 3*b - 3*h. Suppose -4*k + 168 = -0*k. Let g = b + k. What is the tens digit of g?
2
Suppose 0 = 4*x + 350 + 138. Let i be (-4705)/42 + 413/17346. Let t = i - x. What is the tens digit of t?
1
What is the tens digit of 36762/99*45/6?
8
Let q be (-24)/18*(1 + -4). Suppose 4*d + 2*s = 42, -d - q*s + 5*s + 3 = 0. Suppose d = -4*m, -3*m + 178 = 3*t - 92. What is the units digit of t?
2
What is the hundreds digit of (124/(-62))/((0 + 2)/(-3388))?
3
Suppose -16*g + 459668 = 15*g. What is the thousands digit of g?
4
Suppose -2*s + 73*a + 96 = 72*a, -96 = -2*s - 2*a. What is the units digit of s?
8
Suppose -161*o + 7 = -162*o. Let i = 84 - o. What is the tens digit of i?
9
Suppose c - 6*x + 2*x = 1113, -4*x = -2*c + 2206. Suppose -2*w = -2*p + 5*p - c, -5*w - 754 = -2*p. Suppose 238 = 5*j - p. What is the tens digit of j?
2
Let c be (0 + -3)/(6/(-248)). Suppose -4*p - c = -400. Let o = p - 44. What is the units digit of o?
5
Let l = 991 - 512. Let b = l - 280. What is the hundreds digit of b?
1
Suppose -305*l + 307*l = 70388. What is the hundreds digit of l?
1
Suppose -3312 = -18*b - 6*b. Suppose 0 = -2*r + b + 40. What is the tens digit of r?
8
Let r(f) = -413*f - 1948. What is the units digit of r(-28)?
6
Let s(b) be the second derivative of 3*b**3/2 - 18*b**2 - 12*b. Let j be s(8). What is the tens digit of (-454)/(-8) - j/48?
5
Let j be (-17)/5 + 3 - (-67)/5. Suppose 12*x = j*x - 3. Suppose -77 = -2*q + l, 0*q = q - x*l - 36. What is the units digit of q?
9
Let j(f) = 174*f - 49. Let s be j(25). Suppose -h + 3*z + 1211 = 0, -5*z = 5*h - s - 1834. What is the hundreds digit of h?
2
Suppose 6*i - 9*i = -5*l + 1168, -2*i - 701 = -3*l. Let n be 4/(-6) + (-28)/(-6). Suppose -l = -n*m + 43. What is the units digit of m?
9
Suppose 5*i + 0*i = -0*i. Suppose 5*b + 125 + 525 = i. Let q = b - -205. What is the tens digit of q?
7
Let j(a) = -633*a - 701. What is the thousands digit of j(-23)?
3
Let f(p) = -6*p**3 - p**2 - p - 1. Let m be f(-1). Suppose 0 = -2*s + s + m, 2*z - 523 = 5*s. What is the tens digit of z?
7
Let v be (19 + -2)/((-1)/(-363)). What is the units digit of ((-30)/9)/((-22)/v)?
5
Suppose 18*v = 642752 - 87079 + 335777. What is the thousands digit of v?
9
Let b be (920 - 8/(-4))/(-2). Let j = -305 - b. Let o = 239 - j. What is the tens digit of o?
8
Let q(a) = a**3 - 5*a**2 - 12*a - 22. Let d be q(7). Let x be (2/8)/(d/(-6464)). Suppose 4*t = k + 939, -2*t = 5*k - 251 - x. What is the hundreds digit of t?
2
Suppose 9589 + 145051 = 30*b - 308530. What is the hundreds digit of b?
4
Let k(w) = 33842*w + 253. What is the hundreds digit of k(1)?
0
Let t be 582*((-456)/36 + 13). Let z be (2 - 1)/((-4)/(-12)). Suppose -2*r - z*c + 2*c = -385, c = -r + t. What is the units digit of r?
1
Suppose 2491 + 4082 = 20*c - 367. What is the units digit of c?
7
Let l be 864/(0 + 3/24*6). Suppose -3*f = -870 - l. What is the tens digit of f?
7
Suppose 160*l = 162*l - 52. Suppose -l*g + 7140 = -20*g. What is the tens digit of g?
9
Let h be 2 - 3/(-4)*-124. Let v = 118 + 71. Let x = v + h. What is the units digit of x?
8
What is the tens digit of 4*2187178/392 - 24/21?
1
Let p = 1104 - -84. What is the units digit of p - ((17 - 7) + -3)?
1
What is the tens digit of (((-3)/(-2))/(-1))/((-55620)/(-2320) + -24)?
5
Suppose -37*k - 48*k + 108*k = 625577. What is the thousands digit of k?
7
What is the units digit of 580/(-1015)*(-242445)/6?
0
Suppose -5*v - 2098 - 1424 = 3*c, 2*v = 3*c - 1413. Let t = -309 - v. What is the units digit of t?
6
Suppose -j + 9 = -s, 4*s + 16 = -j - 0*s. Suppose -5*q - 4 = -3*q, 0 = -2*u - j*q + 184. What is the tens digit of 9712/u + 2/(-12)?
0
Let q be -2*2/(-8)*350/35. Suppose 3*g - 2*h - 5 - 8 = 0, 0 = 2*g - q*h - 5. Suppose g*x + l - 632 = 0, 2*x - 242 = -5*l + l. What is the units digit of x?
7
Let u = 4 - 6. Let n(a) = a**2 - 4*a - 8. Let d be n(u). Suppose 48 = -d*l + 7*l. What is the tens digit of l?
1
Let u(j) = 3*j**3 - 18*j**2 - 13*j + 12. Let m = 38 - 30. What is the tens digit of u(m)?
9
Suppose 3493871 - 954529 = 86*h - 512626. What is the tens digit of h?
8
Let z = -26 - -17. Let l = 225 + z. What is the hundreds digit of l?
2
Suppose 53*u - 9*u = 173800. What is the tens digit of u?
5
Suppose b - 2*b